 + 5) - 4 - 6).
10
Calculate (-5 - -8 - 2) + -6.
-5
Calculate 30 - (22 - 8) - 8.
8
9 - ((2 - 3 - -5 - 7) + 23)
-11
Calculate (6 - 1) + (-32 - -4 - -25).
2
Evaluate 1499 + -1492 + (1 - -5).
13
-16 - (9 + -19) - (2 + 3 + -31)
20
Evaluate 14 + 0 - (-148 - -152).
10
Evaluate 7 + -16 - (-8 + -8).
7
Evaluate 3 - (-60 + 19 - -25).
19
0 + -3 - (-1 + -15) - (-127 + 122)
18
What is 27 - (23 + 8 + -11)?
7
-5 - 0 - 1 - (12 + -27 + 2)
7
Evaluate 1 + 15 - (12 - (-18 - (11 + -42))).
17
-410 - -392 - (0 + -4)
-14
What is the value of (17 - 42) + 8 + 13?
-4
What is 8 - (-13 + (0 + 9 - -1) + -3)?
14
What is the value of -4 + 5 + (9 - 7 - (-1 + 1))?
3
0 + -10 + (33 - (5 + 21))
-3
Calculate -10 + 3 - (-10 + 6).
-3
What is the value of 35 - 52 - (-24 + 3)?
4
Evaluate (-15 - (12 + -29)) + (1 - 0).
3
(-12 - -9) + 3 + 36 + -4
32
What is -20 - (-9 - (10 + (-2 - 16))) - 4?
-23
Calculate -17 - (-20 - -17 - (1 + -4 + 10)).
-7
18 + -45 + -14 + 36
-5
Evaluate -6 + 0 + 0 + -33 + 33 + -4.
-10
Evaluate 3 - 15 - (-1 - -5).
-16
Calculate -44 + (-47 - -93) + 1.
3
Evaluate -11 + -38 - (-33 - 8).
-8
Evaluate 0 - (-33 - (-23 + -23)).
-13
What is (12 + (-4 - -1) - 41) + 15?
-17
Evaluate 1 + 0 - (-46 - -41) - -4.
10
(1 + (2 - -4) - 12) + 4
-1
Evaluate 6 + (5 - -8) - (3 - -5).
11
Evaluate (-31 + 23 - 31) + 37.
-2
What is the value of (-3 - -13) + (-21 - -5) + -7?
-13
5 - (-9 - (-1 - 17))
-4
(23 - (4 + 16)) + 8
11
-1 + 8 - ((-9 - 53) + 72)
-3
Calculate 16 - (136 + -104 - (-8 + 1)).
-23
Calculate -3 - (12 + 6 + (-9 - 3)).
-9
What is the value of (-13 - -9 - -9) + -11 - 4?
-10
0 - (66 + -65 + 4 + 0)
-5
What is -16 - (21 + (-11 - (16 - 13)))?
-23
Calculate (5 + -11 - -6 - -4) + 0.
4
-10 + (2 - -3) - (-3 + 11 + -3)
-10
What is 23 + (3 - -3 - -4 - 12)?
21
(-10 - -20) + 7 - 28
-11
Evaluate 10 - (9 - (-2 - (-1 + (-29 - 0)))).
29
Calculate (-3 - -24 - 26) + 0 + 19.
14
What is -38 + 58 - (-4 - (1 - (4 + -1)))?
22
Evaluate 150 + -133 - (16 + 2).
-1
-30 + 1 + 18 - -7 - (-1 + -16)
13
Calculate 1 + -5 + (11 + -16 - -9).
0
(9 + -8 - -7) + -2
6
What is the value of 1 + 12 + -39 + 46?
20
Evaluate 177 - 184 - (-11 + (0 - -2)).
2
What is the value of (1 - -2) + -5 - (-23 + 30)?
-9
Calculate 214 + -205 + 2 + (-1 - 8).
2
Calculate 7 + 5 + -12 + (35 - 29).
6
What is the value of (1 + 2 - (-7 + 12)) + (-826 - -831)?
3
What is 6 - ((-3 - (6 + 1)) + (-10 - -53))?
-27
Calculate -4 + -6 + -3 + (-7 - -16) + 14.
10
Evaluate -15 - (2 + 10 + -1 + -11).
-15
Calculate -39 + 51 - (28 - 11).
-5
(4 - 8 - 1) + (11 - (12 - 17))
11
What is -19 + 50 + -48 + (-10 - (-1 + 0))?
-26
-5 + (-9 - (-13 - (10 - 3 - 8)))
-2
Evaluate 11 + -36 + 45 + -8.
12
What is 36 + (11 - 24) + (-7 - 1)?
15
What is the value of 6 - (17 - 8 - -16)?
-19
What is the value of -7 - (14 - 16) - 10?
-15
Evaluate (2 - 5 - 6 - -7) + 10.
8
What is the value of -5 + 2 + (-19 - (13 - 26))?
-9
Calculate (-9 - -3) + -18 + (41 - 18) + -4.
-5
Calculate 2 - ((16 - 10) + 4 + 29 + -8).
-29
Calculate (17 - (13 + -9)) + 2.
15
Evaluate 11 - 8 - (9 - 10) - (6 + 1).
-3
-10 - (-28 - (13 - 21))
10
What is -2 - 2 - (-74 - -54)?
16
What is 6 - (9 - (11 + -5))?
3
Evaluate (-3 - (4 + 5)) + -8 + 9 + 6.
-5
What is -11 - (14 - 26 - -12)?
-11
Calculate 26 + -8 + (7 + -8 - 3).
14
Calculate 0 + 9 - (80 - (84 + 4)).
17
Calculate 51 + -63 + (1 - 0) - -15.
4
What is the value of 6 + (7 + -1 - 5) + -3 - 1?
3
What is the value of (45 - 30) + (11 - -2) + 8?
36
What is 87 - 87 - ((1 - -12) + -4)?
-9
What is the value of (-5 - 0 - (0 + 11)) + 11 + -3?
-8
Calculate 12 - (13 - 8) - (37 + (3 - 3)).
-30
What is the value of -14 + -2 + 190 + -194?
-20
Evaluate 0 + (12 - -4) + (25 - 18).
23
Evaluate 3 - 10 - (8 + (13 - 8) + -7).
-13
Calculate -21 + -1 + (186 - 166).
-2
What is 49 - (18 + -1) - (5 + -5 - -8)?
24
0 + (9 - 17) - 2 - 10
-20
What is the value of 6 + (1 + -3 - -1) - (-734 + 727)?
12
(22 - 52) + -5 + 23
-12
What is the value of (-3 - (21 - 36)) + 11?
23
(-1 - 5) + -16 + 15 + 30 + -5
18
Calculate -2 + 9 + (0 - 6) - -3 - 15.
-11
(-13 + 5 + -1 - -21) + -18
-6
52 + -105 - -57 - (8 - (4 - 2))
-2
What is the value of 7 - (3 + 14 + -2)?
-8
6 + -2 + (-29 - -30 - 16)
-11
(150 - 151) + 7 + -2 + (-6 - -2)
0
136 - 156 - (2 + -7)
-15
What is the value of -1 + 2 + -171 + 174?
4
-6 - 0 - (-2 + 2 + 47 + -41)
-12
Evaluate -22 + -21 + 36 + 14.
7
Calculate (-12 - 8) + 2 + 0.
-18
What is the value of -5 - 0 - (-24 - -1 - (-91 - -55))?
-18
What is -18 + (6 - 6) + 19?
1
What is the value of (-12 + 18 - (1 + 0)) + -9 + 5?
1
What is (22 - 29) + -6 + 5?
-8
What is the value of 27 - (40 - (-21 + 63))?
29
What is (20 - 0) + (15 - 25)?
10
What is the value of (1 - 9) + 33 + -19 + -11?
-5
What is the value of -18 - (-18 + -1) - -11?
12
Evaluate 86 + -78 - (17 - 3 - 0).
-6
-24 + (-12 + 26 - -8)
-2
What is (-32 - -15) + -19 + 65?
29
6 - 4 - 0 - 0 - 6
-4
-986 + 976 - (1 - 8)
-3
What is (-14 - -6) + -25 - -17?
-16
What is the value of 3 + 0 - -10 - 23?
-10
-4 - 7 - -31 - ((2 - 5) + 12)
11
Calculate 6 - 22 - (2 + -12).
-6
Calculate -4 + 1 + (0 - -1) + (-34 - -40).
4
Evaluate -17 + (13 + -2 - (0 - -1)).
-7
Calculate -31 + 2 + 31 + -16.
-14
Calculate 1 - (7 + -8 + -6) - 3.
5
What is -5 + -5 + (0 - (-2 - (-11 + 7)))?
-12
What is -9 + (25 + -7 - (9 + 0)) + 14?
14
4 + (4 - 20 - -13) + (-21 - -2)
-18
Calculate 5 + (8 - 7) + -7 - (0 - -4).
-5
Calculate -9 + (20 - 18) + -2.
-9
Evaluate -2 + 3 + (5 - 5) - (-3 + 4).
0
Evaluate -22 - (7 + -13 + -12).
-4
What is the value of 35 + -42 + (-2 - -3 - (3 + -2))?
-7
What is -10 + (7 - (8 - (14 - 9))) - -2?
-4
Evaluate 3 + (3 - 4) + -6.
-4
(-4 - (-10 + 6 + 2)) + (-3 - 1)
-6
What is 10 - -2 - (-14 + 15 - -2)?
9
What is -4 - -35 - -9 - 70?
-30
What is the value of (9 - 8) + (1 - -15 - (-3 - -8))?
12
30 + -19 - (-1 - -24)
-12
What is the value of -5 + -18 + 5 + 6 + 20?
8
Calculate 2 - (-7 - -25) - -5.
-11
What is -129 + 131 - (-1 + 1 + (-2 - -2))?
2
-17 - ((2 - -12) + -18)
-13
What is the value of (2 - -7) + (0 - (2 + (-9 - 13)))?
29
What is 1 + (0 + 4 - -8)?
13
What is 15 - (24 - -2) - -13?
2
What is the value of -7 - (0 - (-3 + -12 + 10))?
-12
What is -38 + (-19 + 37 - -23)?
3
-3 - (-5 - -5) - (-14 + 21 - 21)
11
Calculate (4 - -3) + (4 - (9 + 14)).
-12
What is (2 - ((-9 - (-1 + -10)) + -2)) + 9?
11
Evaluate (-11 - (-12 + -1)) + 5 + -4.
3
What is the value of -27 - 0 - (8 + -27) - -32?
24
(-1 - -7) + 1 - 11 - 1
-5
Evaluate 36 + -16 - (-4 - (0 + -6 + -4)).
14
What is -10 + (10 - (-2 - (-3 - 11)))?
-12
What is -6 + (-5 + 4 - -30 - 3)?
20
What is the value of 4 + 1 + (-6 + 1 - -5)?
5
What is the value of -2 + -11 + -5 + 6 - -5?
-7
Calculate -2 + (-4 + (-6 - 6) - -12).
-6
Evaluate (3 - 2) + (-10 - -17) + 0 + -4.
4
-79 - -42 - (-27 + -5)
-5
What is the value of (-8 + -2 - -3) + (739 - 726)?
6
What is the value of -3 - (-27 - (10 - 9 - 8))?
17
Calculate 1 + -2 + 32 + -34.
-3
What is 11 - (1 - (-8 - (-30 + 14)))?
18
What is the value of 7 + (7 - (-8 + 8 + 7 - 6))?
13
-1 + 2 + (7 - 16) + -3 + -1
-12
-19 + -31 + 68 + 5
23
Calculate -8 + (6 - -2) + -6 - 0.
-6
What is 9 - (-8 + 5 + -1)?
13
-12 - (-42 + -4 + 16)
18
Calculate -2 + (-2 + 1 - -9).
6
6 + 13 - (-6 - 0) - (7 - -3)
15
Calculate -9 - (9 + -5) - (5 + -1 - 0).
-17
Evaluate -2 + 24 + -8 + -2.
12
5 + (5 + -1 - 1) + -5 + 2
5
What is the value of (8 - 25) + 1 + -2 + -133 + 140?
-11
Calculate -2 + -4 + (0 - 5).
-11
What is (-17 + -37 - (1 + -7)) + 16?
-32
-27 + (5 - -5) + -7 + 5
-19
Evaluate 21 + -14 + -14 + -1 + 3 + -4.
-9
5 + 7 + -9 - 0 - -2 - 14
-9
Evaluate (-41 - -50) + 0 + 11 + 11.
31
What is 9 + -24 + (-13 - -22) - -9?
3
Calculate 44 + -41 - (11 - 3).
-5
Calculate -16 + 32 + -14 + -2 - 4.
-4
-24 - -35 - (-1 - -15)
-3
Evaluate (1296 - 1301) + (1 - 0) + -5.
-9
What is the value of 218 - 208 - (-5 - 0) - 32?
-17
Evaluate (24 - -26) + (4 - 40).
14
33 - (12 + (10 - -15))
-4
What is 31 - 38 - (-17 + 3)?
7
-6 + 32 + -64 + 51
13
Evaluate 5 + 0 - (0 - (17 + -13)).
9
What is -1 + (10 - (-154 + 148 - (-1 + -29)))?
-15
(-16 - -8 - -11) + -5 + 1
-1
1 + 17 - (9 + (0 - (-4 + 10)))
15
What is the value of -31 + (59 - 76 - (1 - 16))?
-33
What is (-191 - -170) + 1 + 44?
24
Evaluate 97 - 40 - 38 - 17.
2
What is -23 + (-1 - -4) - -37?
17
Evaluate 14 - (38 - 10 - 1 - 0).
-13
Evaluate 16 - (20 + -13) - (2 + -3).
10
Calculate (23 - 25) + (4 - -9).
11
What is 5 - 